mainder when 33975275 is divided by 23?
20
Calculate the remainder when 327973319 is divided by 8.
7
What is the remainder when 242176 is divided by 10521?
193
Calculate the remainder when 4126809 is divided by 1692.
21
Calculate the remainder when 75203561 is divided by 592154.
3
What is the remainder when 39771 is divided by 19278?
1215
What is the remainder when 58199 is divided by 791?
456
What is the remainder when 67249 is divided by 15662?
4601
Calculate the remainder when 3936139 is divided by 2049.
10
What is the remainder when 255999 is divided by 460?
239
Calculate the remainder when 26589 is divided by 3293.
245
What is the remainder when 81740 is divided by 334?
244
Calculate the remainder when 25604336 is divided by 265.
36
Calculate the remainder when 1733975 is divided by 46859.
192
Calculate the remainder when 777671 is divided by 195.
11
What is the remainder when 3100321 is divided by 1267?
1239
Calculate the remainder when 140892 is divided by 107.
80
What is the remainder when 289850 is divided by 68?
34
What is the remainder when 25069422 is divided by 173?
165
What is the remainder when 2931561 is divided by 16467?
435
What is the remainder when 2959715 is divided by 40?
35
What is the remainder when 468325 is divided by 18?
1
What is the remainder when 147926 is divided by 14677?
1156
Calculate the remainder when 1544403 is divided by 24514.
21
Calculate the remainder when 22520 is divided by 375.
20
What is the remainder when 1778888 is divided by 8086?
8054
Calculate the remainder when 271772 is divided by 4339.
2754
What is the remainder when 10461056 is divided by 7586?
7548
Calculate the remainder when 1214116 is divided by 3.
1
Calculate the remainder when 4369204 is divided by 1409.
1304
What is the remainder when 37079734 is divided by 185?
184
What is the remainder when 2735776 is divided by 109429?
51
What is the remainder when 27114766 is divided by 165?
151
Calculate the remainder when 178430772 is divided by 43.
36
Calculate the remainder when 1483398 is divided by 185420.
38
What is the remainder when 790520 is divided by 515?
510
What is the remainder when 4319638 is divided by 2028?
2026
Calculate the remainder when 476489788 is divided by 1026.
1024
What is the remainder when 710383 is divided by 57?
49
What is the remainder when 253905581 is divided by 71?
67
Calculate the remainder when 158683317 is divided by 6.
3
What is the remainder when 120443 is divided by 3260?
3083
What is the remainder when 290455 is divided by 290256?
199
What is the remainder when 642415 is divided by 19?
6
What is the remainder when 780326 is divided by 43336?
278
What is the remainder when 328550 is divided by 164259?
32
Calculate the remainder when 184072 is divided by 23000.
72
Calculate the remainder when 362640 is divided by 9801.
3
What is the remainder when 7245 is divided by 5686?
1559
Calculate the remainder when 19527937 is divided by 27.
25
What is the remainder when 879978 is divided by 2115?
138
Calculate the remainder when 14549532 is divided by 156.
36
Calculate the remainder when 33229425 is divided by 11518.
11513
Calculate the remainder when 1059806 is divided by 2813.
2118
Calculate the remainder when 2797143 is divided by 506.
481
What is the remainder when 790006 is divided by 394949?
108
Calculate the remainder when 5028676 is divided by 25788.
16
Calculate the remainder when 1607517 is divided by 40.
37
Calculate the remainder when 1039318 is divided by 38493.
7
Calculate the remainder when 11973 is divided by 9846.
2127
Calculate the remainder when 18999 is divided by 1776.
1239
What is the remainder when 59934 is divided by 954?
786
Calculate the remainder when 137251 is divided by 26800.
3251
Calculate the remainder when 4056 is divided by 3539.
517
What is the remainder when 1823794 is divided by 30386?
634
What is the remainder when 3201833 is divided by 1316?
5
What is the remainder when 13073431 is divided by 4235?
4221
What is the remainder when 36711 is divided by 3668?
31
Calculate the remainder when 232525 is divided by 51.
16
Calculate the remainder when 362825 is divided by 154.
1
Calculate the remainder when 2092475 is divided by 366.
53
Calculate the remainder when 1275912 is divided by 2412.
2376
What is the remainder when 280639 is divided by 1?
0
Calculate the remainder when 398266 is divided by 234.
232
Calculate the remainder when 600613 is divided by 52.
13
What is the remainder when 1154917 is divided by 577427?
63
Calculate the remainder when 2654256 is divided by 1327106.
44
What is the remainder when 12841868 is divided by 76?
72
Calculate the remainder when 3154531 is divided by 15.
1
Calculate the remainder when 5273801 is divided by 2636899.
3
What is the remainder when 128642 is divided by 4159?
3872
What is the remainder when 51027664 is divided by 235?
234
Calculate the remainder when 223461 is divided by 1960.
21
What is the remainder when 275395578 is divided by 9?
6
What is the remainder when 1100414 is divided by 152?
86
Calculate the remainder when 4088121 is divided by 1362699.
24
What is the remainder when 1976194 is divided by 1363?
1207
Calculate the remainder when 6038183 is divided by 1151.
37
Calculate the remainder when 92261648 is divided by 18.
2
What is the remainder when 43795 is divided by 2327?
1909
What is the remainder when 58685927 is divided by 20?
7
Calculate the remainder when 5185685 is divided by 282.
269
Calculate the remainder when 544425 is divided by 32.
9
Calculate the remainder when 1104944 is divided by 3508.
3432
Calculate the remainder when 7924 is divided by 997.
945
What is the remainder when 377298 is divided by 34298?
20
Calculate the remainder when 7830998 is divided by 56338.
16
Calculate the remainder when 1111549 is divided by 74098.
79
What is the remainder when 141951 is divided by 83?
21
Calculate the remainder when 8941258 is divided by 14.
4
Calculate the remainder when 818713 is divided by 134.
107
What is the remainder when 48850323 is divided by 3654?
3651
What is the remainder when 229351 is divided by 38208?
103
Calculate the remainder when 11105198 is divided by 9443.
230
What is the remainder when 6652313 is divided by 1330426?
183
Calculate the remainder when 887806 is divided by 443899.
8
What is the remainder when 15037539 is divided by 26?
23
Calculate the remainder when 35919514 is divided by 260.
254
Calculate the remainder when 2032763 is divided by 27103.
38
Calculate the remainder when 21677287 is divided by 8.
7
What is the remainder when 91214 is divided by 1795?
1464
What is the remainder when 417251 is divided by 386?
371
What is the remainder when 6484537 is divided by 178?
175
What is the remainder when 1064845571 is divided by 177474261?
5
What is the remainder when 5793 is divided by 1361?
349
What is the remainder when 14989588 is divided by 1890?
1888
What is the remainder when 7102801 is divided by 4936?
4833
What is the remainder when 865112 is divided by 2552?
2536
What is the remainder when 46818 is divided by 200?
18
Calculate the remainder when 372944 is divided by 35.
19
Calculate the remainder when 32692 is divided by 16147.
398
Calculate the remainder when 416513 is divided by 566.
503
Calculate the remainder when 472003243 is divided by 286.
283
What is the remainder when 145872969 is divided by 28?
25
What is the remainder when 24853797 is divided by 176268?
9
Calculate the remainder when 179714 is divided by 414.
38
Calculate the remainder when 41208520 is divided by 91.
80
What is the remainder when 73658 is divided by 440?
178
What is the remainder when 40257731 is divided by 951?
950
What is the remainder when 36264 is divided by 12087?
3
What is the remainder when 2587356 is divided by 639?
45
What is the remainder when 37083371 is divided by 22?
17
What is the remainder when 38232932 is divided by 50?
32
Calculate the remainder when 3125928 is divided by 39069.
408
Calculate the remainder when 116709 is divided by 6740.
2129
What is the remainder when 3404549 is divided by 189?
92
What is the remainder when 1464890 is divided by 14?
0
Calculate the remainder when 1287436 is divided by 1111.
898
What is the remainder when 44383 is divided by 1904?
591
Calculate the remainder 